?
False
Is 1466 a multiple of 4?
False
Is 24 a factor of 2695?
False
Does 31 divide 160483?
False
Is 3 a factor of 2472?
True
Is 55433 a multiple of 7?
True
Does 113 divide 5650?
True
Does 47 divide 4499?
False
Is 453 a multiple of 16?
False
Is 432 a multiple of 18?
True
Does 6 divide 20394?
True
Does 303 divide 24789?
False
Is 66 a factor of 4884?
True
Is 7928 a multiple of 12?
False
Is 5 a factor of 320?
True
Is 16055 a multiple of 27?
False
Is 15 a factor of 3300?
True
Does 3 divide 2174?
False
Is 881 a multiple of 3?
False
Is 1722 a multiple of 7?
True
Is 2115 a multiple of 15?
True
Does 21 divide 23626?
False
Does 64 divide 5504?
True
Is 2 a factor of 121?
False
Does 25 divide 217?
False
Does 23 divide 13662?
True
Is 44566 a multiple of 29?
False
Is 23856 a multiple of 284?
True
Does 24 divide 12578?
False
Is 16 a factor of 28544?
True
Is 16263 a multiple of 39?
True
Is 1350 a multiple of 75?
True
Is 389 a multiple of 9?
False
Does 16 divide 39524?
False
Does 5 divide 200?
True
Is 850 a multiple of 5?
True
Is 2089 a multiple of 38?
False
Does 5 divide 882?
False
Is 10 a factor of 472?
False
Is 62322 a multiple of 78?
True
Does 24 divide 306?
False
Is 35 a factor of 2024?
False
Is 60 a factor of 238?
False
Does 100 divide 65600?
True
Does 37 divide 9102?
True
Is 60 a factor of 660?
True
Is 14971 a multiple of 12?
False
Does 32 divide 1536?
True
Is 1248 a multiple of 78?
True
Is 55 a factor of 140470?
True
Is 25 a multiple of 5?
True
Does 22 divide 3738?
False
Is 4 a factor of 5180?
True
Is 58590 a multiple of 217?
True
Does 38 divide 5652?
False
Is 17 a factor of 11045?
False
Does 7 divide 1296?
False
Is 41 a factor of 2823?
False
Is 1320 a multiple of 44?
True
Is 49 a factor of 1689?
False
Is 3270 a multiple of 14?
False
Is 1188 a multiple of 36?
True
Is 1248 a multiple of 39?
True
Does 5 divide 110?
True
Is 38034 a multiple of 175?
False
Is 1364 a multiple of 11?
True
Does 94 divide 752?
True
Is 45910 a multiple of 17?
False
Is 54201 a multiple of 203?
True
Is 3354 a multiple of 13?
True
Does 18 divide 4806?
True
Does 23 divide 27505?
False
Is 984 a multiple of 3?
True
Is 44 a factor of 649?
False
Is 1064 a multiple of 14?
True
Is 47103 a multiple of 31?
False
Is 712 a multiple of 89?
True
Is 1190 a multiple of 3?
False
Is 7 a factor of 369?
False
Does 12 divide 17817?
False
Is 931 a multiple of 62?
False
Is 945 a multiple of 15?
True
Is 24 a factor of 1416?
True
Is 748 a multiple of 10?
False
Is 57 a factor of 5871?
True
Is 4719 a multiple of 33?
True
Does 4 divide 108?
True
Is 72 a factor of 21076?
False
Is 3383 a multiple of 99?
False
Is 1176 a multiple of 42?
True
Is 105 a factor of 34650?
True
Is 3907 a multiple of 77?
False
Does 196 divide 3724?
True
Is 1558 a multiple of 46?
False
Is 320 a multiple of 3?
False
Is 19031 a multiple of 11?
False
Does 71 divide 40075?
False
Is 5 a factor of 7283?
False
Is 8640 a multiple of 40?
True
Is 6 a factor of 2848?
False
Is 15568 a multiple of 112?
True
Is 13446 a multiple of 71?
False
Does 66 divide 25235?
False
Is 29 even?
False
Is 26 a factor of 3536?
True
Is 19802 a multiple of 25?
False
Is 45416 a multiple of 28?
True
Does 22 divide 42013?
False
Is 19 a factor of 2828?
False
Is 12524 a multiple of 62?
True
Is 859 a multiple of 40?
False
Is 2130 a multiple of 4?
False
Does 129 divide 61653?
False
Is 19 a factor of 772?
False
Does 15 divide 585?
True
Is 27 a factor of 4585?
False
Is 3182 a multiple of 43?
True
Does 30 divide 49101?
False
Is 5 a factor of 12951?
False
Is 36 a factor of 39744?
True
Does 7 divide 2515?
False
Is 2106 a multiple of 18?
True
Is 110 a factor of 14190?
True
Is 22 a factor of 826?
False
Is 124 a multiple of 98?
False
Is 4 a factor of 108?
True
Is 50 a factor of 400?
True
Is 39 a factor of 530?
False
Is 37324 a multiple of 28?
True
Does 43 divide 1866?
False
Does 108 divide 37908?
True
Is 1967 a multiple of 7?
True
Is 9 a factor of 1549?
False
Does 26 divide 619?
False
Is 29 a factor of 1143?
False
Is 32531 a multiple of 59?
False
Does 19 divide 7087?
True
Is 123 a factor of 492?
True
Is 6118 a multiple of 46?
True
Does 27 divide 1117?
False
Is 132 a factor of 1188?
True
Is 181 a multiple of 4?
False
Is 7219 a multiple of 5?
False
Is 383 a multiple of 36?
False
Is 21860 a multiple of 21?
False
Is 306 a multiple of 17?
True
Is 25 a factor of 386?
False
Is 850 a multiple of 91?
False
Does 2 divide 423?
False
Is 1161 a multiple of 27?
True
Is 135 a factor of 1273?
False
Does 3 divide 353?
False
Is 152028 a multiple of 82?
True
Does 55 divide 194?
False
Is 365 a multiple of 3?
False
Does 13 divide 752?
False
Is 25 a factor of 240?
False
Does 23 divide 588?
False
Is 52986 a multiple of 40?
False
Is 19 a factor of 10944?
True
Is 151 a factor of 6946?
True
Is 2282 a multiple of 14?
True
Does 13 divide 11830?
True
Is 11648 a multiple of 364?
True
Does 22 divide 771?
False
Is 148 a factor of 121258?
False
Is 869 a multiple of 27?
False
Is 38 a factor of 42965?
False
Is 11 a factor of 484?
True
Does 3 divide 51?
True
Is 329 a factor of 23688?
True
Is 382 a multiple of 13?
False
Is 20746 a multiple of 22?
True
Is 18 a factor of 702?
True
Is 18 a factor of 21286?
False
Is 1116 a multiple of 31?
True
Does 8 divide 288?
True
Is 226 a factor of 20340?
True
Does 20 divide 720?
True
Is 517 a multiple of 20?
False
Does 14 divide 16607?
False
Is 2 a factor of 630?
True
Does 13 divide 234?
True
Is 6499 a multiple of 26?
False
Is 6241 a multiple of 11?
False
Is 9695 a multiple of 5?
True
Is 19 a factor of 1026?
True
Does 12 divide 1632?
True
Is 7630 a multiple of 35?
True
Is 2 a factor of 9735?
False
Is 205 a factor of 34466?
False
Is 18512 a multiple of 259?
False
Is 1948 a multiple of 7?
False
Does 15 divide 9195?
True
Is 5 a factor of 3338?
False
Is 12880 a multiple of 14?
True
Is 70 a factor of 1540?
True
Does 52 divide 10816?
True
Does 8 divide 235?
False
Is 30 a factor of 7956?
False
Does 42 divide 51744?
True
Does 5 divide 970?
True
Is 23 a factor of 322?
True
Does 191 divide 8623?
False
Does 22 divide 17182?
True
Does 85 divide 5270?
True
Does 66 divide 19019?
False
Does 49 divide 8820?
True
Is 6160 a multiple of 56?
True
Is 112 a multiple of 7?
True
Does 11 divide 2036?
False
Is 4116 a multiple of 84?
True
Is 782 a multiple of 46?
True
Does 6 divide 1236?
True
Is 20520 a multiple of 54?
True
Is 1400 a multiple of 12?
False
Does 154 divide 4004?
True
Does 19 divide 77267?
False
Does 28 divide 16436?
True
Does 68 divide 8855?
False
Is 310 a multiple of 3?
False
Is 185 a multiple of 2?
False
Does 92 divide 2484?
True
Is 7 a factor of 39865?
True
Does 55 divide 19313?
False
Is 53424 a multiple of 42?
True
Is 66 a factor of 2136?
False
Is 68 a factor of 1947?
False
Is 5775 a multiple of 12?
False
Is 288 a multiple of 14?
False
Does 10 divide 430?
True
Is 1022 a multiple of 87?
False
Does 12 divide 8008?
False
Is 745 a multiple of 5?
True
Does 52 divide 14092?
True
Does 28 divide 1120?
True
Is 6 a factor of 138?
True
Is 177 a factor of 20886?
True
Is 110 a factor of 25458?
False
Is 55 a multiple of 3?
False
Is 48600 a multiple of 108?
True
Is 12 a factor of 948?
True
Is 18 a factor of 4050?
True
Is 16 a factor of 491?
False
Does 16 divide 179760?
True
Is 20 a factor of 720?
True
Is 1342 a multiple of 13?
False
Is 720 a multiple of 10?
True
Is 7 a factor of 153?
False
Does 52 divide 2080?
True
Does 5 divide 3410?
True
Does 4 divide 204?
True
Is 28 a factor of 40432?
True
Is 40 a factor of 2280?
True
Is 103 a multiple of 7?
False
Is 342 a multiple of 9?
True
Is 1365 a multiple of 13?
True
Is 7606 a multiple of 127?
False
Is 16 a factor of 907?
False
Does 13 divide 299?
True
Is 873 a multiple of 9?
True
Does 149 divide 8046?
True
Does 132 divide 10164?
True
Does 241 divide 14240?
False
Is 1495 a multiple of 13?
True
Does 3 divide 374?
False
Is 6753 a multiple of 43?
False
Is 3024 a multiple of 12?
True
Is 172 a multiple of 14?
False
Is 75 a factor of 12150?
True
Is 431 a multiple of 15?
False
Is 620 a multiple of 4?
True
Is 8 a factor of 6592?
True
Is 61427 a multiple of 53?
True
Does 28 divide 62025?
False
Is 1007 a multiple of 15?
False
Is 2217 a multiple of 75?
False
Is 178 a multiple of 11?
False
Is 16 a factor of 2960?
True
Is 7660 a multiple of 16?
False
Is 166 a factor of 2606